*a = -r*a + j. What are the prime factors of a?
61
Let z = -40 - -72. Let t(d) = -d**2 + 11*d + 3. Let r be t(0). Suppose -2*n = s - z, -r*s + 2*n = -5*s + 68. List the prime factors of s.
2, 3
What are the prime factors of 66471/24 + ((-935)/88 - -11)?
2, 5, 277
Let j(y) = -3*y**3 - 2*y**2 + y - 7. Let d be j(6). Suppose -9*z - 4581 + 234 = 0. Let s = z - d. What are the prime factors of s?
2, 7, 17
Let f(v) = 5*v**2 - 102*v - 59. List the prime factors of f(110).
3, 1823
Let t(v) = -8*v**3 - 122*v**2 - 9*v + 20. What are the prime factors of t(-17)?
4219
Let j(v) = -162*v + 1187. What are the prime factors of j(-18)?
11, 373
Let f be 96 + (-1 - 3 - -5). Suppose 93 = -19*z - f. What are the prime factors of 4/6*(-1740)/z?
2, 29
Let g(w) = -w**3 + 13 - 105*w - w**2 + 0*w**3 - 5*w**2 + 120*w. What are the prime factors of g(-8)?
3, 7
Let i(t) = 7*t**2 + 75*t - 30. List the prime factors of i(-18).
2, 3, 37
Let m(z) be the third derivative of -z**5/60 + 13*z**4/6 + 5*z**3 + 127*z**2. List the prime factors of m(26).
2, 353
Let c(u) be the second derivative of -35*u**3/3 - u**2/2 - u. Suppose -2*f + 4*v + 6 = 0, 68*v = 5*f + 73*v + 15. List the prime factors of c(f).
3, 23
Suppose -5*v + q = -100, 36 = 2*v + 3*q - 4. Suppose -v*x + 0*x + 8680 = 0. What are the prime factors of x?
2, 7, 31
List the prime factors of 591*-1*(-3)/(-9)*-71.
71, 197
Suppose -4 = 4*w, -7*p + 5*w - 2815 = -2*p. What are the prime factors of (11/(-4))/(1 - (-567)/p)?
11, 47
Suppose -5*w + 6*b + 48142 = 0, 3*w + 7*b - 28905 = 4*b. What are the prime factors of w?
2, 7, 43
Let f = 12141 + -2111. List the prime factors of f.
2, 5, 17, 59
Let p(f) = -739*f + 5. Let v(q) = 1360*q - 11. Let u(m) = 11*p(m) + 6*v(m). Let c be (-16)/(-3) - (-1)/(-3). What are the prime factors of u(c)?
2, 3
Let d = 46 - 44. Suppose -2*y = 3*p + y - 102, d*p + 5*y = 74. Suppose -42 = -p*k + 29*k. List the prime factors of k.
2, 7
Let d(k) = 3284*k - 302. What are the prime factors of d(8)?
2, 5, 7, 53
Suppose -21*s + 221037 = -67902. What are the prime factors of s?
13759
Let y(x) = -x**3 + 6*x**2 + 8*x + 13. Let q(m) = 27*m - 50. Let a be q(2). What are the prime factors of y(a)?
7, 11
Let r(o) = -o**3 + 8*o**2 - 4*o - 14. Let w be r(7). Let t(k) = 58*k - 71. What are the prime factors of t(w)?
5, 67
Let d = -17102 + 18581. List the prime factors of d.
3, 17, 29
Suppose 0 = 52*x - 222*x + 8542670. What are the prime factors of x?
31, 1621
Suppose 4*d + d - 20 = 0. Suppose d*m - 18 = -6. Let y(g) = g**3 + 5*g - 4. What are the prime factors of y(m)?
2, 19
Let r(k) be the third derivative of -k**4/24 + 4*k**3/3 - 2*k**2. Let j(d) = -3*d**3 + 13*d**2 - d - 7. Let x be j(4). What are the prime factors of r(x)?
3
Let n be -8 - (-8)/2 - -1256. Suppose 30*s = n + 1118. What are the prime factors of s?
79
List the prime factors of 10/(-18) - (-147455084)/2709.
13, 53, 79
Suppose 7*k = -4 + 39. Let z(j) = -10*j**2 + 17*j - 15. Let u(o) = 5*o**2 - 9*o + 8. Let v(d) = -5*u(d) - 3*z(d). List the prime factors of v(k).
2, 5
Let u = -369 + 710. Suppose 682 = 3*k - u. List the prime factors of k.
11, 31
Let x(i) = -22*i + 32. Let q be x(15). Let o = -227 - q. What are the prime factors of o?
71
Let m = -52 + 68. Suppose -12*a = -m*a - 252. List the prime factors of 1 - 2*(-3 + a).
7, 19
Suppose 73*a - 49*a = 0. Let o = 1 + 5. Suppose o*m - 8*m + 154 = a. What are the prime factors of m?
7, 11
Suppose f = 0, -3 = -2*o - 4*f + 1. Suppose 3*v - o*q = -1921, 0*v - q = 2*v + 1269. What are the prime factors of (-2)/(-8) + v/(-28)?
23
Let n = 118 + -23. Suppose 0 = 9*v + 23 - n. Suppose -1559 = -v*m + 273. What are the prime factors of m?
229
Let i = -655 + 1543. Let l = i - 28. List the prime factors of l.
2, 5, 43
List the prime factors of 29 + 4155 + 4 + -1.
53, 79
Let q = -917 - -1660. Let s = 1095 - q. List the prime factors of s.
2, 11
Suppose 58*b - 651597 = 886421 + 263172. List the prime factors of b.
5, 6211
Let m(q) = -q + 5. Let j be m(-13). Suppose 4*r + 5*h - 1 = -j, -4*r + 18 = -2*h. Suppose r*w - 136 = -4*a, -3*a - 71 = -w - 8*a. List the prime factors of w.
2, 3, 11
Let g = -89 - 146. Let i = -90 - g. What are the prime factors of i?
5, 29
Let a be -8*(6 - 0) - (0 - 0). Let i = 68 + a. List the prime factors of 3448/i - (-9)/((-90)/4).
2, 43
Let a(y) = -12 - 10 + 4*y + 3*y**2 - 22*y - 7*y. What are the prime factors of a(12)?
2, 5, 11
List the prime factors of 4*(-3)/((-60)/10)*32785.
2, 5, 79, 83
Let o = -620 - -362. Let p = o - -337. List the prime factors of p.
79
Let u(h) = -67*h - 4. Let l be u(-2). Let r = -86 + l. Let b = r + -38. What are the prime factors of b?
2, 3
Suppose -12*d + 12643 = -16517. List the prime factors of (-16 - -17)/(2/d).
3, 5
Let b = 143 - 140. What are the prime factors of (6/(-8) - -9)/(b/88)?
2, 11
List the prime factors of (-2)/(-4)*14*44968/88.
7, 73
Let w(k) = -17597*k + 2369. List the prime factors of w(-2).
3, 19, 659
Let r = -3330 - -8944. List the prime factors of r.
2, 7, 401
What are the prime factors of ((0 + 14)/14)/(2/3814)?
1907
Let a = 825 - -122. What are the prime factors of a?
947
Suppose 0 = v + 2*v + 4*u - 4908, 1641 = v + 3*u. Suppose v + 368 = 8*h. Suppose -3*w + h = 31. List the prime factors of w.
73
Let u = 35 + -13. Let d = -17 + u. Suppose -d*p = f - 140, 2*f + p + 4*p = 280. List the prime factors of f.
2, 5, 7
Let v(d) = 14*d**2 - 5*d + 5. Let y be v(2). Suppose 4*r - q - 272 = 0, 4*q = -5*r - y + 391. What are the prime factors of r?
2, 17
Suppose -3*v = 2*a - 1058 - 271, 3*v = 3. Let z = 79 + a. List the prime factors of z.
2, 7, 53
List the prime factors of ((-2700)/(-21))/((-20)/(-140)) - -2.
2, 11, 41
Suppose 16*f + 63045 - 222629 = 0. List the prime factors of f.
2, 4987
Let b(x) be the third derivative of x**5/60 + x**4/6 + 5*x**3/2 - x**2. Let i be b(-5). Suppose i*u = 18*u + 192. List the prime factors of u.
2, 3
Let r = -7 - -7. Suppose r = 4*g + 429 - 2445. List the prime factors of g.
2, 3, 7
Suppose 4*v + 2*k + 3*k - 591 = 0, -v = 3*k - 139. Let g be v/(-35) - (-4)/10. List the prime factors of (-114)/g*2/3.
19
Suppose -f - 3*v = 23 - 72, 0 = -4*f - v + 207. Let o be (-1*1)/((-3)/(-39)). Let h = o + f. List the prime factors of h.
3, 13
Let w = 176 + -128. What are the prime factors of 21372/w + 6/8?
2, 223
Suppose -2643793 - 273850 = -43*n - 525811. List the prime factors of n.
2, 17, 409
Suppose -k - 19 = -3*a - 2*k, -a - 3*k = -17. Suppose -20 = -3*v - 14. Suppose 2*j = -v*j - 5*d + 407, 545 = a*j - d. What are the prime factors of j?
2, 3
Let h be (-74)/14 - 2/(-7). What are the prime factors of (476/h)/(26/(-65))?
2, 7, 17
Let u be 1 + 0 + -8 + 8. Let m be u*38 - 0/(-17). Suppose -2*r + m + 64 = 0. List the prime factors of r.
3, 17
Let d(n) = -138*n**3 - 1. Let g be d(-1). Let j = g + -103. Let k = j + -23. List the prime factors of k.
11
Let z(x) = x**3 - 80*x**2 + 424*x - 157. What are the prime factors of z(76)?
8963
What are the prime factors of (2/(-6))/((-1323834)/120348 + 11) + -2?
2, 3, 557
Let v = 4 - 16. Let m = -10 - v. Suppose m*p - 17 - 83 = 0. List the prime factors of p.
2, 5
Let d(t) = 434*t**2 - 10*t - 8. Let o be d(-2). Suppose -2*z = 2*z - o. What are the prime factors of z?
19, 23
Let r be (-45)/(-1)*(-7)/((-35)/16). What are the prime factors of 4 - r/27 - (-4466)/6?
743
Let i = 1065 + -232. Let k = i - 449. List the prime factors of k.
2, 3
Let w = -3 + 7. Suppose w*a - 142 - 222 = 0. Let u = a - 63. List the prime factors of u.
2, 7
What are the prime factors of (-140)/(-84) + (-72534)/(-9)?
3, 2687
Let c(j) = 6*j + 12. Let x be c(-4). List the prime factors of (-39*(-118)/x)/(1/(-2)).
13, 59
What are the prime factors of -10 - (-5 + 804528/(-16))?
2, 23, 1093
Let w be (0 - 3/2)*-1762. List the prime factors of -2*(-8)/48*w.
881
List the prime factors of 1102 + 2 + -12 + 14.
2, 7, 79
Suppose -2*u - 19712 = -a, -4*a + 12*u - 7*u = -78827. List the prime factors of a.
2, 3, 7, 67
Let f = -36 - -21. Suppose 0 = -4*z - 4*y + 40, 0*y = 2*z - y - 8. What are the prime factors of f/z*(-30 + 2)?
2, 5, 7
Suppose -4*y + 4 = -4*q, -2*y - 2*q + 16 = 2*y. Let j be ((4 - 5) + 1)/(3/y). List the prime factors of -30*(-3 + j)/6.
3, 5
Let l(k) = -22*k**2 + 2*k + 9. Let y(q) = -7*q**2 + q + 3. Let d(h) = -4*l(h) 